uppose 4*u = i + 2802, -8*i - 4 = -z*i. List the prime factors of u.
701
Suppose 3*o + 3 = 0, 6*m - 17 = 2*m + 5*o. Suppose 12*w - m*w = 2079. What are the prime factors of w?
3, 7, 11
Suppose 67 = -f + 64, -3*f = -3*b + 15. Suppose 3*a - 3754 = -b*o - a, -5*o = a - 9358. List the prime factors of o.
1871
List the prime factors of (11004 - 0) + (-2 - (-1 - -4)).
17, 647
Let m(d) = 28*d - 358. Let j be m(13). Let p(a) = -a - a + 11 + 5. List the prime factors of p(j).
2
Suppose -13*b + 82 = 30. Suppose -4*f + 6648 = b*g, 14*g - 18*g + 4982 = 3*f. What are the prime factors of f?
2, 7, 17
Suppose 17472 = -27*b + 146*b + 63*b. Suppose 962 + 116 = 4*f + 2*z, -2*f + z + 529 = 0. Suppose 3*w - f = -b. What are the prime factors of w?
3, 19
Let z(o) be the third derivative of -o**5/20 - o**4/24 + 2*o**3/3 - 9*o**2. Let v be z(-2). List the prime factors of 27 + (2 + v - -3).
2, 13
Let s = 8014 + -3952. List the prime factors of s.
2, 3, 677
Let d(w) = -5*w**3 - 27*w**2 + 61*w + 81. List the prime factors of d(-18).
3, 5, 431
Let y(b) = -7*b**2 + 82*b - 8. Let a be y(10). Let z = a + 405. What are the prime factors of z?
11, 47
Let b = -20 + 14. List the prime factors of -3 + 379 + (-8 - b).
2, 11, 17
Let l(n) = -n**3 - 17*n**2 + 48*n - 72. What are the prime factors of l(-30)?
2, 3, 283
Let u(g) = 15*g - 31. Let t be u(3). Suppose -1701 = -t*y - 315. What are the prime factors of y?
3, 11
Suppose -2*c + 6*c = -2*i + 622, c - 169 = -5*i. Suppose 1011 = -153*f + c*f. List the prime factors of f.
3, 337
Suppose 0 = 12*u - 67070 - 84154. What are the prime factors of u?
2, 6301
Let l(t) = -t**3 - 3*t**2 + t + 5. Let c be l(-3). Suppose -5*f = -2*g - 63, c*g - 7*g = f + 9. What are the prime factors of f?
11
Suppose 3*l - 2*l - 257 = 0. Let r(g) = -2*g**2 + 11*g - 9. Let m be r(4). Suppose 3*i - 93 = -s - 0, m*s - 2*i = l. List the prime factors of s.
3, 29
Let y(m) = 33*m**2 - m + 2. Let h(g) = -g + 1. Let c(f) = 3*h(f) + y(f). List the prime factors of c(-3).
2, 157
Suppose -24010 = -4*y - 3*a, 4*a + 5974 = -5*y + 6*y. What are the prime factors of y?
2, 2999
List the prime factors of (((-391)/(-6))/((-4)/(-16)))/((-100)/(-450)).
3, 17, 23
Let s = 10101 - 5690. List the prime factors of s.
11, 401
Let o(r) = 771*r - 598. List the prime factors of o(95).
72647
Suppose 0 = -269*j + 863152 + 1727318. List the prime factors of j.
2, 3, 5, 107
Let s(c) = 147*c + 9862. List the prime factors of s(111).
47, 557
Suppose -3*m = 2*z - 3266, 0 = 2*m + 8*z - 3*z - 2181. List the prime factors of (m/24)/((-1)/(-12)).
2, 17
Let o(k) = k**3 + 25*k**2 - 35*k + 79. List the prime factors of o(-18).
13, 229
Suppose 4*l - 8570 - 17814 = -2*s, -l + 5*s + 6596 = 0. List the prime factors of l.
2, 17, 97
Suppose -4*b = 0, 5*b + 64 = 4*d + 3*b. What are the prime factors of (d/5)/(6/315)?
2, 3, 7
Let z be 136/102 + 4/(-3). Suppose 0 = 2*u - j - 1917, z = -18*u + 15*u - 2*j + 2865. What are the prime factors of u?
3, 11, 29
List the prime factors of 53174/(-16*(-14)/224).
2, 11, 2417
Let s = 10842 + 934. What are the prime factors of s?
2, 23
Let n(c) = 28*c**3 + 19*c**2 + 21*c**3 - 74*c**3 + 22 - 5*c + 24*c**3. Let p be n(18). Let l = -89 + p. What are the prime factors of l?
167
Let b be (24/36)/((12/27)/4). Let t be ((-126)/(-56))/(b/16). List the prime factors of (-1 - 549/t)/((-3)/6).
5, 37
Suppose -4*c + 3846 + 4594 = 0. Let x = c - 784. What are the prime factors of x?
2, 3, 13, 17
Let o be 118 - (50/(-225) + 50/(-18)). Let i = o - -1578. What are the prime factors of i?
1699
Let j = 64 + -47. Suppose j*t = 31*t - 4396. Suppose -2*h = 2*l - t, 2*l - l = -3. List the prime factors of h.
2, 5
Suppose 12*v + 36 = 120. Suppose 0 = v*r - 11 - 178. List the prime factors of r.
3
Let s = 144 + 115. Suppose 46 = 5*h - s. List the prime factors of h.
61
Let z(t) = t**3 + 8*t**2 + 4*t + 18. Let c be -2 + ((-24)/(-20))/(2/(-10)). Let x be z(c). Let b(d) = -d**2 - 15*d - 5. List the prime factors of b(x).
3
What are the prime factors of (-3788)/((-4662)/273 + 17)?
2, 13, 947
Suppose 0 = 49*r - 52*r + 18. What are the prime factors of (-213)/(-6 + r - 1)?
3, 71
Let o be ((-12)/(-10))/((-2)/(-135)). Let p be (2 - -27) + -2 + 3 + -1. Let b = o - p. What are the prime factors of b?
2, 13
Suppose 2*j + 5 = -5*y - 2*j, -3*y = 2*j + 1. Suppose -p = y*p. Suppose p = -0*z + 5*z - 780. What are the prime factors of z?
2, 3, 13
Let h = 19649 + -6239. List the prime factors of h.
2, 3, 5, 149
Suppose -6*u - 81 = -99. Suppose -1703 = -5*p + 4*t, -u*p - 4*t + 82 = -927. List the prime factors of p.
3, 113
Let a = 4956 + 3451. List the prime factors of a.
7, 1201
Let k = 319 + -79. What are the prime factors of k - (7 - 5 - 4)?
2, 11
Suppose -5*q = -3*s + 509, -3*q - 19 = -s + 148. Let i(b) = 170*b. Let p be i(2). Let r = p - s. List the prime factors of r.
167
Let v(f) = f**2 + 18*f - 94. Let l be v(-23). What are the prime factors of l/(-35) + (-2893)/(-5) + 3?
7, 83
List the prime factors of 32/16 + 8180 - 14.
2, 1021
Let w be ((-4)/(-8))/(12/2976). Suppose -135*g + w*g + 7150 = 0. List the prime factors of g.
2, 5, 13
Suppose 0 = -5*k + 4*c + 22504, 9*c = -2*k + 4*c + 9028. List the prime factors of k.
2, 563
Let s(o) = -o**2 + 2*o + 1. Let b(n) = 20*n**2 - 20*n + 4. Let a(h) = 2*b(h) + 22*s(h). List the prime factors of a(-5).
2, 5, 23
Suppose 0 = -f - 2*b - 80, 2*b = -2*f + b - 160. Let t be (f/56)/(2/(-14)). What are the prime factors of ((-67)/2)/((-5)/t)?
67
Let p = 13998 - -2379. What are the prime factors of p?
3, 53, 103
What are the prime factors of (-16839)/(-21) + ((-3)/(-2))/((-98)/56)?
3, 89
List the prime factors of -13 + (11682 - (11 - 0)).
2, 3, 29, 67
Suppose 36 = 4*x + 3*y, x + 44 = 5*x + 5*y. Suppose 0 = -x*p + 3887 + 3739. List the prime factors of p.
31, 41
Suppose -22*i + 45752 + 257650 = 0. What are the prime factors of i?
3, 4597
Let n = 10512 + 5108. What are the prime factors of n?
2, 5, 11, 71
Suppose -4*a + s = -1248, 3*a + 3*s - 936 = s. Let j = 22 + a. List the prime factors of j.
2, 167
Suppose -67617 = -2077*k + 2068*k. List the prime factors of k.
11, 683
Let h(v) = 1242*v + 362. List the prime factors of h(24).
2, 5, 7, 431
Let t(p) = -p**2 + 4*p - 7. Let l be t(2). Let n be ((-3)/2)/((18/372)/l). Suppose -2*w + 3*f - n = -286, -511 = -5*w - 2*f. List the prime factors of w.
101
Let k = -11906 - -29334. What are the prime factors of k?
2, 4357
Suppose -1939*c - 108910 = -1941*c - 4*v, -108886 = -2*c + 2*v. List the prime factors of c.
3, 18149
Let q(z) = -z**3 - 13*z**2 - 2*z - 12. Let h be 1/(-6) - 0 - (-943)/(-138). Let f be q(h). List the prime factors of ((-8)/(-6))/(f/147 - -2).
2, 7
List the prime factors of (4 + (-69)/(-4))/((-4)/(-2336)).
2, 5, 17, 73
Let w(p) = 2*p**2 - 7*p + 1. Suppose 2*c + 3*c = 35. Let h be w(c). Suppose h*k = 49*k + 18. What are the prime factors of k?
2, 3
Let p be ((-4)/(-3))/(100/375). Suppose 0 = p*s - n - 1959, -s + 186 + 209 = -n. List the prime factors of s.
17, 23
Suppose 0 = -10*u - 19 - 21. What are the prime factors of (-6420)/(-63) - ((-24)/(-63))/u?
2, 3, 17
Suppose -4*t + 5*c - 8*c + 37 = 0, 3*t - 3*c = 33. Suppose 6840 = -0*n + t*n. List the prime factors of n.
2, 3, 19
Let i(v) = -15*v + 4. Suppose -29*l + 27*l = 2. List the prime factors of i(l).
19
Let a(g) = g**2 + 19*g + 318. What are the prime factors of a(-91)?
2, 3, 5, 229
Suppose -6*j + 294 = j. Suppose -o + j = 2*n - 29, 2*n + 4*o = 62. What are the prime factors of n?
37
Let v(y) = -y**3 - 3*y**2 - 4*y + 2. Suppose -2*b + 48 - 8 = 0. Suppose 4*g + b = -g. What are the prime factors of v(g)?
2, 17
Let c = -179 - -192. Suppose 9*t - c*t + 3253 = n, -4065 = -5*t - n. List the prime factors of t.
2, 7, 29
List the prime factors of 13151 + (-7 - 0) - -4.
2, 19, 173
Let j(m) = 41*m - 165. Let w be j(30). Suppose 2*k + 5*t = 1179, -5*k - w = -t - 4053. What are the prime factors of k?
3, 199
Suppose 2*s = -5*p - 197, 3*s = -0*p + 2*p - 343. Let t = s - -139. What are the prime factors of t?
2, 7
Let b(x) = 16*x - 41 + 25*x + 21*x - 69*x. Let l be b(-8). Suppose -5*r = -l, 0*u = 2*u - 2*r - 184. List the prime factors of u.
5, 19
Suppose 39533 = p + 4*n, 0 = 4*p - 3*n - 202796 + 44759. List the prime factors of p.
3, 13171
Let a(t) = 3*t - 18. Let u be a(2